{"id":10,"date":"2026-04-17T22:36:37","date_gmt":"2026-04-17T20:36:37","guid":{"rendered":"https:\/\/muzeum-sulmierzyce.pl\/?page_id=10"},"modified":"2026-04-19T22:09:58","modified_gmt":"2026-04-19T20:09:58","slug":"patron","status":"publish","type":"page","link":"https:\/\/muzeum-sulmierzyce.pl\/?page_id=10","title":{"rendered":"Patron Muzeum"},"content":{"rendered":"\n<figure class=\"wp-block-image size-full is-resized\"><img loading=\"lazy\" decoding=\"async\" width=\"883\" height=\"1024\" src=\"https:\/\/muzeum-sulmierzyce.pl\/wp-content\/uploads\/2026\/04\/klonowicz.jpg\" alt=\"\" class=\"wp-image-166\" style=\"aspect-ratio:0.8623123315796227;width:450px;height:auto\" srcset=\"https:\/\/muzeum-sulmierzyce.pl\/wp-content\/uploads\/2026\/04\/klonowicz.jpg 883w, https:\/\/muzeum-sulmierzyce.pl\/wp-content\/uploads\/2026\/04\/klonowicz-259x300.jpg 259w, https:\/\/muzeum-sulmierzyce.pl\/wp-content\/uploads\/2026\/04\/klonowicz-768x891.jpg 768w\" sizes=\"auto, (max-width: 883px) 100vw, 883px\" \/><\/figure>\n\n\n\n<div class=\"patron-container\">\n    <div class=\"patron-hero-box\">\n        <div class=\"patron-avatar\">\n            <span>\u2712\ufe0f<\/span>\n        <\/div>\n        <div class=\"patron-summary\">\n            <h2 class=\"patron-title\">Sebastian Fabian Klonowicz<\/h2>\n            <p class=\"patron-subtitle\">1545 \u2013 1602 | Sulmierzyczanin, Poeta, Humanista<\/p>\n            <div class=\"patron-short-bio\">\n                Najwybitniejszy syn ziemi sulmierzyckiej, kt\u00f3ry w swoich dzie\u0142ach s\u0142awi\u0142 pi\u0119kno polskiej przyrody i obyczaj\u00f3w.\n            <\/div>\n        <\/div>\n    <\/div>\n\n    <div class=\"patron-content-grid\">\n        <div class=\"patron-text-block\">\n            <h3>Pochodzenie i edukacja<\/h3>\n            <p>Urodzony w Sulmierzycach, Klonowicz (znany r\u00f3wnie\u017c jako Acernus) zdoby\u0142 wykszta\u0142cenie, kt\u00f3re pozwoli\u0142o mu sta\u0107 si\u0119 jednym z czo\u0142owych humanist\u00f3w epoki odrodzenia. Jego silna wi\u0119\u017a z rodzinnym miastem jest fundamentem to\u017csamo\u015bci naszego Muzeum.<\/p>\n        <\/div>\n        \n        <div class=\"patron-text-block highlight-border\">\n            <h3>Najwa\u017cniejsze dzie\u0142a<\/h3>\n            <ul class=\"works-list\">\n                <li><strong>&#8222;Flis&#8221;<\/strong> \u2013 opis \u017ceglugi Wis\u0142\u0105<\/li>\n                <li><strong>&#8222;Roxolania&#8221;<\/strong> \u2013 portret ziem ruskich<\/li>\n                <li><strong>&#8222;Victoria Deorum&#8221;<\/strong> \u2013 poemat moralizatorski<\/li>\n            <\/ul>\n        <\/div>\n    <\/div>\n\n    <div class=\"patron-quote\">\n        <p>&#8222;Pami\u0119\u0107 o wielkich ludziach jest skarbem narodu.&#8221;<\/p>\n    <\/div>\n<\/div>\n","protected":false},"excerpt":{"rendered":"<p>Patron muzeum<\/p>\n","protected":false},"author":1,"featured_media":0,"parent":0,"menu_order":0,"comment_status":"closed","ping_status":"closed","template":"","meta":{"footnotes":""},"class_list":["post-10","page","type-page","status-publish","hentry"],"_links":{"self":[{"href":"https:\/\/muzeum-sulmierzyce.pl\/index.php?rest_route=\/wp\/v2\/pages\/10","targetHints":{"allow":["GET"]}}],"collection":[{"href":"https:\/\/muzeum-sulmierzyce.pl\/index.php?rest_route=\/wp\/v2\/pages"}],"about":[{"href":"https:\/\/muzeum-sulmierzyce.pl\/index.php?rest_route=\/wp\/v2\/types\/page"}],"author":[{"embeddable":true,"href":"https:\/\/muzeum-sulmierzyce.pl\/index.php?rest_route=\/wp\/v2\/users\/1"}],"replies":[{"embeddable":true,"href":"https:\/\/muzeum-sulmierzyce.pl\/index.php?rest_route=%2Fwp%2Fv2%2Fcomments&post=10"}],"version-history":[{"count":6,"href":"https:\/\/muzeum-sulmierzyce.pl\/index.php?rest_route=\/wp\/v2\/pages\/10\/revisions"}],"predecessor-version":[{"id":185,"href":"https:\/\/muzeum-sulmierzyce.pl\/index.php?rest_route=\/wp\/v2\/pages\/10\/revisions\/185"}],"wp:attachment":[{"href":"https:\/\/muzeum-sulmierzyce.pl\/index.php?rest_route=%2Fwp%2Fv2%2Fmedia&parent=10"}],"curies":[{"name":"wp","href":"https:\/\/api.w.org\/{rel}","templated":true}]}}

<figure class="wp-block-image size-full is-resized"><img loading="lazy" decoding="async" width="883" height="1024" src="https://muzeum-sulmierzyce.pl/wp-content/uploads/2026/04/klonowicz.jpg" alt="" class="wp-image-166" style="aspect-ratio:0.8623123315796227;width:450px;height:auto" srcset="https://muzeum-sulmierzyce.pl/wp-content/uploads/2026/04/klonowicz.jpg 883w, https://muzeum-sulmierzyce.pl/wp-content/uploads/2026/04/klonowicz-259x300.jpg 259w, https://muzeum-sulmierzyce.pl/wp-content/uploads/2026/04/klonowicz-768x891.jpg 768w" sizes="auto, (max-width: 883px) 100vw, 883px" /></figure>



<div class="patron-container">
    <div class="patron-hero-box">
        <div class="patron-avatar">
            <span>✒️</span>
        </div>
        <div class="patron-summary">
            <h2 class="patron-title">Sebastian Fabian Klonowicz</h2>
            <p class="patron-subtitle">1545 – 1602 | Sulmierzyczanin, Poeta, Humanista</p>
            <div class="patron-short-bio">
                Najwybitniejszy syn ziemi sulmierzyckiej, który w swoich dziełach sławił piękno polskiej przyrody i obyczajów.
            </div>
        </div>
    </div>

    <div class="patron-content-grid">
        <div class="patron-text-block">
            <h3>Pochodzenie i edukacja</h3>
            <p>Urodzony w Sulmierzycach, Klonowicz (znany również jako Acernus) zdobył wykształcenie, które pozwoliło mu stać się jednym z czołowych humanistów epoki odrodzenia. Jego silna więź z rodzinnym miastem jest fundamentem tożsamości naszego Muzeum.</p>
        </div>
        
        <div class="patron-text-block highlight-border">
            <h3>Najważniejsze dzieła</h3>
            <ul class="works-list">
                <li><strong>&#8222;Flis&#8221;</strong> – opis żeglugi Wisłą</li>
                <li><strong>&#8222;Roxolania&#8221;</strong> – portret ziem ruskich</li>
                <li><strong>&#8222;Victoria Deorum&#8221;</strong> – poemat moralizatorski</li>
            </ul>
        </div>
    </div>

    <div class="patron-quote">
        <p>&#8222;Pamięć o wielkich ludziach jest skarbem narodu.&#8221;</p>
    </div>
</div>
