{"id":235,"date":"2026-04-22T22:28:16","date_gmt":"2026-04-22T20:28:16","guid":{"rendered":"https:\/\/muzeum-sulmierzyce.pl\/?page_id=235"},"modified":"2026-04-23T13:20:10","modified_gmt":"2026-04-23T11:20:10","slug":"ratusz","status":"publish","type":"page","link":"https:\/\/muzeum-sulmierzyce.pl\/?page_id=235","title":{"rendered":"Ratusz"},"content":{"rendered":"\n<div class=\"info-page-wrap\" style=\"max-width:1100px; margin:0 auto; display:grid; gap:18px;\">\n\n  <!-- HERO -->\n  <section style=\"background:linear-gradient(135deg,#21479c 0%, #3d6ae0 100%); color:#fff; border-radius:22px; padding:26px 20px; box-shadow:0 16px 36px rgba(33,71,156,0.22);\">\n\n    <div style=\"display:inline-block; margin-bottom:14px; padding:6px 12px; border-radius:999px; background:rgba(111,148,243,0.16); border:1px solid rgba(111,148,243,0.34); color:#dce8ff; font-size:12px; font-weight:700; letter-spacing:.06em; text-transform:uppercase;\">\n      Zabytek Sulmierzyc\n    <\/div>\n\n    <h1 style=\"margin:0 0 12px; color:#fff; font-family:Georgia,'Times New Roman',serif; font-size:30px; line-height:1.1; text-shadow:0 2px 10px rgba(0,0,0,0.2);\">\n      Sulmierzycki ratusz\n    <\/h1>\n\n    <div style=\"width:90px; height:4px; margin:0 0 14px; border-radius:999px; background:linear-gradient(90deg,#6f94f3,#9bb8ff);\"><\/div>\n\n    <p style=\"margin:0; font-size:16px; line-height:1.7; color:rgba(255,255,255,.96);\">\n      W samym sercu sulmierzyckiego rynku znajduje si\u0119 wyj\u0105tkowy drewniany ratusz z 1743 roku \u2014 jeden z najbardziej rozpoznawalnych symboli miasta.\n    <\/p>\n\n  <\/section>\n\n  <!-- WST\u0118P -->\n  <section style=\"padding:22px 18px; border-radius:20px; background:linear-gradient(180deg,#f5f8ff,#edf3ff); border:1px solid rgba(33,71,156,.08); box-shadow:0 8px 22px rgba(17,24,39,0.08);\">\n\n    <h3 style=\"margin:0 0 12px; color:#21479c; font-family:Georgia,'Times New Roman',serif; font-size:22px;\">\n      Historia zapisana w centrum miasta\n    <\/h3>\n\n    <p style=\"margin:0 0 12px; font-size:16px; line-height:1.7; color:#233042;\">\n      Ratusz od wiek\u00f3w pozostaje jednym z najwa\u017cniejszych punkt\u00f3w Sulmierzyc. Najstarsze \u017ar\u00f3d\u0142a nie podaj\u0105 informacji o wcze\u015bniejszych siedzibach w\u0142adz miejskich.\n    <\/p>\n\n    <p style=\"margin:0; font-size:16px; line-height:1.7; color:#233042;\">\n      Pierwszy dokument potwierdzaj\u0105cy istnienie ratusza pochodzi z 1765 roku.\n    <\/p>\n\n  <\/section>\n\n  <!-- CECHY -->\n  <section style=\"padding:22px 18px; border-radius:20px; background:linear-gradient(180deg,#f5f8ff,#edf3ff); border:1px solid rgba(33,71,156,.08); box-shadow:0 8px 22px rgba(17,24,39,0.08);\">\n\n    <h3 style=\"margin:0 0 16px; color:#21479c; font-family:Georgia,'Times New Roman',serif; font-size:22px;\">\n      Co wyr\u00f3\u017cnia ratusz?\n    <\/h3>\n\n    <div style=\"display:grid; gap:12px;\">\n\n      <div style=\"padding:14px; border-radius:16px; background:#f8fbff; border:1px solid #e3ebf6;\">\n        <strong style=\"color:#21479c;\">Drewniana konstrukcja<\/strong><br>\n        <span style=\"color:#233042;\">Rzadki przyk\u0142ad architektury.<\/span>\n      <\/div>\n\n      <div style=\"padding:14px; border-radius:16px; background:#f8fbff; border:1px solid #e3ebf6;\">\n        <strong style=\"color:#21479c;\">Po\u0142o\u017cenie na rynku<\/strong><br>\n        <span style=\"color:#233042;\">Centralny punkt miasta.<\/span>\n      <\/div>\n\n      <div style=\"padding:14px; border-radius:16px; background:#f8fbff; border:1px solid #e3ebf6;\">\n        <strong style=\"color:#21479c;\">Wyj\u0105tkowa forma<\/strong><br>\n        <span style=\"color:#233042;\">Schody i podcienia.<\/span>\n      <\/div>\n\n      <div style=\"padding:14px; border-radius:16px; background:#f8fbff; border:1px solid #e3ebf6;\">\n        <strong style=\"color:#21479c;\">Dach i wie\u017cyczka<\/strong><br>\n        <span style=\"color:#233042;\">Charakterystyczny wygl\u0105d.<\/span>\n      <\/div>\n\n    <\/div>\n\n  <\/section>\n\n  <!-- CTA -->\n  <section style=\"background:linear-gradient(135deg,#21479c,#3d6ae0); color:#fff; border-radius:20px; padding:22px 18px; box-shadow:0 14px 30px rgba(33,71,156,0.20);\">\n\n    <h3 style=\"margin:0 0 12px; color:#fff; font-family:Georgia,'Times New Roman',serif; font-size:22px;\">\n      Zobacz ratusz na \u017cywo\n    <\/h3>\n\n    <p style=\"margin:0 0 14px; font-size:16px; line-height:1.7; color:rgba(255,255,255,.95);\">\n      Warto zobaczy\u0107 go podczas wizyty w muzeum i spaceru po rynku.\n    <\/p>\n\n    <a href=\"https:\/\/www.google.com\/maps\/dir\/?api=1&#038;destination=Rynek+1,+Sulmierzyce\"\n       target=\"_blank\"\n       style=\"display:block; text-align:center; padding:14px; border-radius:14px; background:#fff; color:#21479c; font-weight:700; text-decoration:none;\">\n      Wyznacz tras\u0119 \u2192\n    <\/a>\n\n  <\/section>\n\n<\/div>\n\n\n\n<figure class=\"wp-block-gallery has-nested-images columns-default is-cropped wp-block-gallery-1 is-layout-flex wp-block-gallery-is-layout-flex\">\n<figure class=\"wp-block-image size-large\"><img loading=\"lazy\" decoding=\"async\" width=\"1024\" height=\"681\" data-id=\"229\" src=\"https:\/\/muzeum-sulmierzyce.pl\/wp-content\/uploads\/2026\/04\/ratusz1.jpg\" alt=\"\" class=\"wp-image-229\" srcset=\"https:\/\/muzeum-sulmierzyce.pl\/wp-content\/uploads\/2026\/04\/ratusz1.jpg 1024w, https:\/\/muzeum-sulmierzyce.pl\/wp-content\/uploads\/2026\/04\/ratusz1-300x200.jpg 300w, https:\/\/muzeum-sulmierzyce.pl\/wp-content\/uploads\/2026\/04\/ratusz1-768x511.jpg 768w\" sizes=\"auto, (max-width: 1024px) 100vw, 1024px\" \/><\/figure>\n\n\n\n<figure class=\"wp-block-image size-large\"><img loading=\"lazy\" decoding=\"async\" width=\"1024\" height=\"681\" data-id=\"230\" src=\"https:\/\/muzeum-sulmierzyce.pl\/wp-content\/uploads\/2026\/04\/ratusz3.jpg\" alt=\"\" class=\"wp-image-230\" srcset=\"https:\/\/muzeum-sulmierzyce.pl\/wp-content\/uploads\/2026\/04\/ratusz3.jpg 1024w, https:\/\/muzeum-sulmierzyce.pl\/wp-content\/uploads\/2026\/04\/ratusz3-300x200.jpg 300w, https:\/\/muzeum-sulmierzyce.pl\/wp-content\/uploads\/2026\/04\/ratusz3-768x511.jpg 768w\" sizes=\"auto, (max-width: 1024px) 100vw, 1024px\" \/><\/figure>\n\n\n\n<figure class=\"wp-block-image size-large\"><img loading=\"lazy\" decoding=\"async\" width=\"1024\" height=\"681\" data-id=\"228\" src=\"https:\/\/muzeum-sulmierzyce.pl\/wp-content\/uploads\/2026\/04\/ratusz2.jpg\" alt=\"\" class=\"wp-image-228\" srcset=\"https:\/\/muzeum-sulmierzyce.pl\/wp-content\/uploads\/2026\/04\/ratusz2.jpg 1024w, https:\/\/muzeum-sulmierzyce.pl\/wp-content\/uploads\/2026\/04\/ratusz2-300x200.jpg 300w, https:\/\/muzeum-sulmierzyce.pl\/wp-content\/uploads\/2026\/04\/ratusz2-768x511.jpg 768w\" sizes=\"auto, (max-width: 1024px) 100vw, 1024px\" \/><\/figure>\n<\/figure>\n","protected":false},"excerpt":{"rendered":"<p>Zabytek Sulmierzyc Sulmierzycki ratusz W samym sercu sulmierzyckiego rynku znajduje si\u0119 wyj\u0105tkowy drewniany ratusz z 1743 roku \u2014 jeden z najbardziej rozpoznawalnych symboli miasta. Historia zapisana w centrum miasta Ratusz od wiek\u00f3w pozostaje jednym z najwa\u017cniejszych punkt\u00f3w Sulmierzyc. Najstarsze \u017ar\u00f3d\u0142a nie podaj\u0105 informacji o wcze\u015bniejszych siedzibach w\u0142adz miejskich. Pierwszy dokument potwierdzaj\u0105cy istnienie ratusza pochodzi z [&hellip;]<\/p>\n","protected":false},"author":1,"featured_media":0,"parent":0,"menu_order":0,"comment_status":"closed","ping_status":"closed","template":"","meta":{"footnotes":""},"class_list":["post-235","page","type-page","status-publish","hentry"],"_links":{"self":[{"href":"https:\/\/muzeum-sulmierzyce.pl\/index.php?rest_route=\/wp\/v2\/pages\/235","targetHints":{"allow":["GET"]}}],"collection":[{"href":"https:\/\/muzeum-sulmierzyce.pl\/index.php?rest_route=\/wp\/v2\/pages"}],"about":[{"href":"https:\/\/muzeum-sulmierzyce.pl\/index.php?rest_route=\/wp\/v2\/types\/page"}],"author":[{"embeddable":true,"href":"https:\/\/muzeum-sulmierzyce.pl\/index.php?rest_route=\/wp\/v2\/users\/1"}],"replies":[{"embeddable":true,"href":"https:\/\/muzeum-sulmierzyce.pl\/index.php?rest_route=%2Fwp%2Fv2%2Fcomments&post=235"}],"version-history":[{"count":5,"href":"https:\/\/muzeum-sulmierzyce.pl\/index.php?rest_route=\/wp\/v2\/pages\/235\/revisions"}],"predecessor-version":[{"id":263,"href":"https:\/\/muzeum-sulmierzyce.pl\/index.php?rest_route=\/wp\/v2\/pages\/235\/revisions\/263"}],"wp:attachment":[{"href":"https:\/\/muzeum-sulmierzyce.pl\/index.php?rest_route=%2Fwp%2Fv2%2Fmedia&parent=235"}],"curies":[{"name":"wp","href":"https:\/\/api.w.org\/{rel}","templated":true}]}}

<div class="info-page-wrap" style="max-width:1100px; margin:0 auto; display:grid; gap:18px;">

  <!-- HERO -->
  <section style="background:linear-gradient(135deg,#21479c 0%, #3d6ae0 100%); color:#fff; border-radius:22px; padding:26px 20px; box-shadow:0 16px 36px rgba(33,71,156,0.22);">

    <div style="display:inline-block; margin-bottom:14px; padding:6px 12px; border-radius:999px; background:rgba(111,148,243,0.16); border:1px solid rgba(111,148,243,0.34); color:#dce8ff; font-size:12px; font-weight:700; letter-spacing:.06em; text-transform:uppercase;">
      Zabytek Sulmierzyc
    </div>

    <h1 style="margin:0 0 12px; color:#fff; font-family:Georgia,'Times New Roman',serif; font-size:30px; line-height:1.1; text-shadow:0 2px 10px rgba(0,0,0,0.2);">
      Sulmierzycki ratusz
    </h1>

    <div style="width:90px; height:4px; margin:0 0 14px; border-radius:999px; background:linear-gradient(90deg,#6f94f3,#9bb8ff);"></div>

    <p style="margin:0; font-size:16px; line-height:1.7; color:rgba(255,255,255,.96);">
      W samym sercu sulmierzyckiego rynku znajduje się wyjątkowy drewniany ratusz z 1743 roku — jeden z najbardziej rozpoznawalnych symboli miasta.
    </p>

  </section>

  <!-- WSTĘP -->
  <section style="padding:22px 18px; border-radius:20px; background:linear-gradient(180deg,#f5f8ff,#edf3ff); border:1px solid rgba(33,71,156,.08); box-shadow:0 8px 22px rgba(17,24,39,0.08);">

    <h3 style="margin:0 0 12px; color:#21479c; font-family:Georgia,'Times New Roman',serif; font-size:22px;">
      Historia zapisana w centrum miasta
    </h3>

    <p style="margin:0 0 12px; font-size:16px; line-height:1.7; color:#233042;">
      Ratusz od wieków pozostaje jednym z najważniejszych punktów Sulmierzyc. Najstarsze źródła nie podają informacji o wcześniejszych siedzibach władz miejskich.
    </p>

    <p style="margin:0; font-size:16px; line-height:1.7; color:#233042;">
      Pierwszy dokument potwierdzający istnienie ratusza pochodzi z 1765 roku.
    </p>

  </section>

  <!-- CECHY -->
  <section style="padding:22px 18px; border-radius:20px; background:linear-gradient(180deg,#f5f8ff,#edf3ff); border:1px solid rgba(33,71,156,.08); box-shadow:0 8px 22px rgba(17,24,39,0.08);">

    <h3 style="margin:0 0 16px; color:#21479c; font-family:Georgia,'Times New Roman',serif; font-size:22px;">
      Co wyróżnia ratusz?
    </h3>

    <div style="display:grid; gap:12px;">

      <div style="padding:14px; border-radius:16px; background:#f8fbff; border:1px solid #e3ebf6;">
        <strong style="color:#21479c;">Drewniana konstrukcja</strong><br>
        <span style="color:#233042;">Rzadki przykład architektury.</span>
      </div>

      <div style="padding:14px; border-radius:16px; background:#f8fbff; border:1px solid #e3ebf6;">
        <strong style="color:#21479c;">Położenie na rynku</strong><br>
        <span style="color:#233042;">Centralny punkt miasta.</span>
      </div>

      <div style="padding:14px; border-radius:16px; background:#f8fbff; border:1px solid #e3ebf6;">
        <strong style="color:#21479c;">Wyjątkowa forma</strong><br>
        <span style="color:#233042;">Schody i podcienia.</span>
      </div>

      <div style="padding:14px; border-radius:16px; background:#f8fbff; border:1px solid #e3ebf6;">
        <strong style="color:#21479c;">Dach i wieżyczka</strong><br>
        <span style="color:#233042;">Charakterystyczny wygląd.</span>
      </div>

    </div>

  </section>

  <!-- CTA -->
  <section style="background:linear-gradient(135deg,#21479c,#3d6ae0); color:#fff; border-radius:20px; padding:22px 18px; box-shadow:0 14px 30px rgba(33,71,156,0.20);">

    <h3 style="margin:0 0 12px; color:#fff; font-family:Georgia,'Times New Roman',serif; font-size:22px;">
      Zobacz ratusz na żywo
    </h3>

    <p style="margin:0 0 14px; font-size:16px; line-height:1.7; color:rgba(255,255,255,.95);">
      Warto zobaczyć go podczas wizyty w muzeum i spaceru po rynku.
    </p>

    <a href="https://www.google.com/maps/dir/?api=1&#038;destination=Rynek+1,+Sulmierzyce"
       target="_blank"
       style="display:block; text-align:center; padding:14px; border-radius:14px; background:#fff; color:#21479c; font-weight:700; text-decoration:none;">
      Wyznacz trasę →
    </a>

  </section>

</div>



<figure class="wp-block-gallery has-nested-images columns-default is-cropped wp-block-gallery-1 is-layout-flex wp-block-gallery-is-layout-flex">
<figure class="wp-block-image size-large"><img loading="lazy" decoding="async" width="1024" height="681" data-id="229" src="https://muzeum-sulmierzyce.pl/wp-content/uploads/2026/04/ratusz1.jpg" alt="" class="wp-image-229" srcset="https://muzeum-sulmierzyce.pl/wp-content/uploads/2026/04/ratusz1.jpg 1024w, https://muzeum-sulmierzyce.pl/wp-content/uploads/2026/04/ratusz1-300x200.jpg 300w, https://muzeum-sulmierzyce.pl/wp-content/uploads/2026/04/ratusz1-768x511.jpg 768w" sizes="auto, (max-width: 1024px) 100vw, 1024px" /></figure>



<figure class="wp-block-image size-large"><img loading="lazy" decoding="async" width="1024" height="681" data-id="230" src="https://muzeum-sulmierzyce.pl/wp-content/uploads/2026/04/ratusz3.jpg" alt="" class="wp-image-230" srcset="https://muzeum-sulmierzyce.pl/wp-content/uploads/2026/04/ratusz3.jpg 1024w, https://muzeum-sulmierzyce.pl/wp-content/uploads/2026/04/ratusz3-300x200.jpg 300w, https://muzeum-sulmierzyce.pl/wp-content/uploads/2026/04/ratusz3-768x511.jpg 768w" sizes="auto, (max-width: 1024px) 100vw, 1024px" /></figure>



<figure class="wp-block-image size-large"><img loading="lazy" decoding="async" width="1024" height="681" data-id="228" src="https://muzeum-sulmierzyce.pl/wp-content/uploads/2026/04/ratusz2.jpg" alt="" class="wp-image-228" srcset="https://muzeum-sulmierzyce.pl/wp-content/uploads/2026/04/ratusz2.jpg 1024w, https://muzeum-sulmierzyce.pl/wp-content/uploads/2026/04/ratusz2-300x200.jpg 300w, https://muzeum-sulmierzyce.pl/wp-content/uploads/2026/04/ratusz2-768x511.jpg 768w" sizes="auto, (max-width: 1024px) 100vw, 1024px" /></figure>
</figure>

<p>Zabytek Sulmierzyc Sulmierzycki ratusz W samym sercu sulmierzyckiego rynku znajduje się wyjątkowy drewniany ratusz z 1743 roku — jeden z najbardziej rozpoznawalnych symboli miasta. Historia zapisana w centrum miasta Ratusz od wieków pozostaje jednym z najważniejszych punktów Sulmierzyc. Najstarsze źródła nie podają informacji o wcześniejszych siedzibach władz miejskich. Pierwszy dokument potwierdzający istnienie ratusza pochodzi z [&hellip;]</p>
